 number?
True
Is 88301 a prime number?
True
Is 24763 a prime number?
True
Is 31817 a composite number?
False
Is 140123 a composite number?
False
Is 443215 prime?
False
Is 233014 composite?
True
Is 67453 a composite number?
False
Is 120671 composite?
False
Is 37451 composite?
True
Is 156007 prime?
True
Is 218833 composite?
False
Is 12022 a prime number?
False
Is 3049 a prime number?
True
Is 612133 prime?
True
Is 1657 composite?
False
Is 20245 composite?
True
Is 41573 prime?
False
Is 526753 a composite number?
True
Is 22469 a prime number?
True
Is 80309 prime?
True
Is 119077 a prime number?
False
Is 8581 composite?
False
Is 480203 composite?
False
Is 596399 a composite number?
False
Is 364487 a prime number?
False
Is 29395 a prime number?
False
Is 147701 prime?
False
Is 64271 composite?
False
Is 29717 a composite number?
False
Is 459257 a prime number?
True
Is 22565 a prime number?
False
Is 27143 prime?
True
Is 19387 a composite number?
False
Is 39821 prime?
True
Is 4074163 composite?
True
Is 1671907 composite?
False
Is 107683 a prime number?
False
Is 280793 a prime number?
False
Is 20579 a prime number?
False
Is 17531 composite?
True
Is 23893 composite?
False
Is 3787 prime?
False
Is 106969 prime?
False
Is 21269 a prime number?
True
Is 187 composite?
True
Is 145799 composite?
False
Is 39779 a prime number?
True
Is 300463 a prime number?
True
Is 129049 a composite number?
False
Is 5227 a prime number?
True
Is 25819 a prime number?
True
Is 10261 a composite number?
True
Is 39359 a composite number?
False
Is 432449 composite?
False
Is 513147 composite?
True
Is 71159 composite?
True
Is 13517 a prime number?
False
Is 309305 composite?
True
Is 98405 a composite number?
True
Is 4721 a composite number?
False
Is 30427 prime?
True
Is 20863 a composite number?
True
Is 35813 a composite number?
True
Is 670141 composite?
True
Is 2161 composite?
False
Is 3671 prime?
True
Is 34403 composite?
False
Is 404297 a prime number?
False
Is 69239 prime?
True
Is 7971 prime?
False
Is 705761 composite?
True
Is 768841 a composite number?
False
Is 418343 a prime number?
True
Is 131647 prime?
False
Is 13799 a prime number?
True
Is 1615403 prime?
True
Is 1090211 composite?
False
Is 155621 prime?
True
Is 146359 a prime number?
True
Is 3109 composite?
False
Is 196499 composite?
False
Is 4987 prime?
True
Is 121585 a composite number?
True
Is 87179 a composite number?
False
Is 219985 prime?
False
Is 22613 composite?
False
Is 28267 composite?
True
Is 154441 a composite number?
True
Is 16197 a composite number?
True
Is 17681 a composite number?
False
Is 545533 prime?
True
Is 32729 composite?
True
Is 627803 a prime number?
False
Is 8402 composite?
True
Is 164173 a composite number?
False
Is 838 prime?
False
Is 7297 composite?
False
Is 3979 a composite number?
True
Is 268721 a prime number?
True
Is 203 composite?
True
Is 63157 prime?
False
Is 25943 prime?
True
Is 8719 prime?
True
Is 12074 a prime number?
False
Is 88897 a prime number?
True
Is 17693 prime?
False
Is 397 prime?
True
Is 70402 a prime number?
False
Is 251 prime?
True
Is 7627 composite?
True
Is 99901 composite?
False
Is 1973 a prime number?
True
Is 28801 a prime number?
False
Is 286567 a composite number?
True
Is 1215251 a prime number?
False
Is 1642 a composite number?
True
Is 15487 a prime number?
False
Is 465463 prime?
True
Is 938471 prime?
False
Is 59833 a prime number?
True
Is 6619 a composite number?
False
Is 1423 a prime number?
True
Is 4663 a prime number?
True
Is 107837 prime?
True
Is 46351 composite?
False
Is 121421 composite?
False
Is 179259 prime?
False
Is 517819 prime?
False
Is 17557 a composite number?
True
Is 40973 a prime number?
True
Is 1067 a composite number?
True
Is 287 composite?
True
Is 11719 prime?
True
Is 19571 composite?
False
Is 215381 prime?
True
Is 8977 prime?
False
Is 73637 a prime number?
True
Is 113 composite?
False
Is 648649 prime?
True
Is 136083 a prime number?
False
Is 907 composite?
False
Is 90305 a prime number?
False
Is 750407 prime?
False
Is 36823 prime?
False
Is 227503 composite?
True
Is 10487 a prime number?
True
Is 21029 prime?
False
Is 188519 a prime number?
True
Is 2207579 composite?
True
Is 48947 prime?
True
Is 829601 prime?
True
Is 5219 prime?
False
Is 123589 a prime number?
False
Is 9511 a prime number?
True
Is 23957 a prime number?
True
Is 3722 a composite number?
True
Is 649867 composite?
False
Is 14401 a prime number?
True
Is 12157 a prime number?
True
Is 70157 composite?
False
Is 5189 prime?
True
Is 47863 composite?
True
Is 6449 composite?
False
Is 38859 a prime number?
False
Is 65733 a prime number?
False
Is 7393 a composite number?
False
Is 53479 composite?
False
Is 8263 a prime number?
True
Is 103183 composite?
False
Is 321007 composite?
False
Is 147037 a composite number?
True
Is 16729 composite?
False
Is 150139 a prime number?
False
Is 3187 a prime number?
True
Is 14077 composite?
True
Is 54569 a prime number?
False
Is 52919 a composite number?
False
Is 1097 composite?
False
Is 110969 composite?
False
Is 8521 a prime number?
True
Is 6931 a prime number?
False
Is 5807 a prime number?
True
Is 6635 composite?
True
Is 500671 a prime number?
True
Is 549529 prime?
False
Is 1259 composite?
False
Is 4631 a prime number?
False
Is 19931 a prime number?
False
Is 74 a composite number?
True
Is 94883 prime?
False
Is 13553 a composite number?
False
Is 69011 a prime number?
True
Is 1287238 a prime number?
False
Is 49739 prime?
True
Is 11633 a composite number?
False
Is 6179 a prime number?
False
Is 11003 prime?
True
Is 97445 prime?
False
Is 340559 composite?
False
Is 3593 a prime number?
True
Is 1134381 a prime number?
False
Is 1363 prime?
False
Is 241511 composite?
False
Is 216079 composite?
True
Is 352303 composite?
True
Is 40903 a prime number?
True
Is 8317 prime?
True
Is 926455 prime?
False
Is 855851 a composite number?
False
Is 1045799 composite?
False
Is 114547 prime?
True
Is 6289 a prime number?
False
Is 474733 composite?
True
Is 2131093 a composite number?
False
Is 105319 a prime number?
True
Is 84541 a prime number?
False
Is 106487 a composite number?
False
Is 3455 a prime number?
False
Is 1009 prime?
True
Is 25687 a composite number?
True
Is 562661 a composite number?
True
Is 1020223 a composite number?
False
Is 22897 composite?
True
Is 281795 a composite number?
True
Is 8509 a prime number?
False
Is 32639 a prime number?
False
Is 6341 a composite number?
True
Is 26987 composite?
False
Is 40463 composite?
True
Is 5051 a prime number?
True
Is 1401 composite?
True
Is 46367 a prime number?
False
Is 1973 a prime number?
True
Is 261673 prime?
True
Is 1843261 a prime number?
False
Is 5209 prime?
True
Is 426131 composite?
False
Is 18973 prime?
True
Is 415235 prime?
False
Is 10939 composite?
False
Is 103657 a prime number?
True
Is 432557 a prime number?
True
Is 1391 composite?
True
Is 528119 a prime number?
False
Is 75233 composite?
True
Is 7853 a prime number?
True
Is 349737 composite?
True
Is 2045 a composite number?
True
Is 22201 prime?
False
Is 41321 composite?
True
Is 28591 prime?
True
Is 504133 prime?
False
Is 156053 a composite number?
True
Is 61871 prime?
True
Is 2923 a composite number?
True
Is 3883 a prime number?
False
Is 4661 a prime number?
False
Is 72115 composite?
True
Is 538349 a prime number?
False
Is 39019 a prime number?
True
Is 32869 composite?
False
Is 493 prime?
False
Is 5701 a prime number?
True
Is 32117 a prime number?
True
Is 111893 a composite number?
False
Is 13835 a prime number?
False
Is 124401 composite?
True
Is 531679 composite?
True
Is 9998 composite?
True
Is 3073 a composite number?
True
Is 56921 a prime number?
True
Is 178 prime?
False
Is 97891 prime?
False
Is 4819 a composite number?
True
Is 91229 a composite number?
False
Is 2183 a prime number?
False
Is 8797 a composite number?
True
Is 24997 prime?
False
Is 2447 a composite number?
False
Is 59141 composite?
False
Is 172149 a composite number?
True
Is 13033 composite?
False
Is 14857 a composite number?
True
Is 24641 a composite number?
True
Is 26569 prime?
False
Is 2115109 a composite number?
True
Is 14005 prime?
False
Is 2927 composite?
False
Is 346285 prime?
False
Is 19077 a composite number?
True
Is 14765 a prime number?
False
Is 1226591 prime?
False
Is 182201 prime?
True
Is 59683 a comp